2*v - 5. Let r be m(-9). Calculate the greatest common factor of 2726 and r.
58
Let q(u) = u**2 + 29*u - 186. Let h be q(-36). Calculate the greatest common divisor of 60 and h.
6
Let b(t) = -t**3 - 23*t**2 - 44*t - 20. Let q be b(-21). Let o be (-145)/(-13) + (-6)/39. Calculate the greatest common factor of o and q.
11
Let p = -364 + 371. Let n(v) be the second derivative of -v**4/12 + 5*v**3/3 + 3*v**2/2 + v. Let j be n(p). Calculate the highest common factor of j and 6.
6
Suppose -13 = 4*t + 147. Suppose 5*p = 6*y - 11*y + 345, 208 = 3*p + 4*y. Let a = t + p. What is the highest common divisor of a and 7?
7
Let b = -1812 + 2312. Calculate the greatest common divisor of 180 and b.
20
Let v(o) be the first derivative of -4*o**3/3 - 7*o**2 - 3*o + 11. Let l be v(-3). What is the greatest common divisor of 2 and l?
1
Suppose -k - 5 = 4*k. Let f be 30/(-2)*((-2)/(-10) + k). What is the highest common factor of f and 84?
12
Let k(l) = -l**3 - 20*l**2 - 37*l - 2. Let y = 16 - 34. Let a be k(y). Calculate the highest common divisor of a and 1.
1
Let z be 15 + (4 - 1 - 3). Let g = z - 11. Let v be 5 - g/12*9. Calculate the highest common divisor of v and 22.
2
Suppose 0 = 5*f - 5*n - 500, 8*f + 4*n + 85 = 9*f. What is the highest common factor of f and 1365?
105
Let b(p) = -2*p**2 - 18*p + 4. Let i be b(-9). Suppose 2*s + i = 0, -70 + 270 = 3*o + 5*s. Calculate the highest common divisor of o and 14.
14
Let o(w) = 3*w**3 - 5*w**2 - 2*w + 4. Let f be o(3). Let m = 127 + -42. Calculate the greatest common factor of f and m.
17
Let z be (20/(-15))/((-2)/12). Let w(n) = 3*n + 24. Let g be w(z). Let h(c) = -5*c - 8. Let k be h(-8). Calculate the highest common divisor of k and g.
16
Let j be 32/12*(-6)/(-4). Let k be -6 + j - (-12)/3. What is the highest common factor of k and 8?
2
Let d be 555/6 + 6/(-4). Calculate the highest common factor of d and 7.
7
Suppose 3 = -2*k - 3*r, 2*k = -5*r - 0*r - 9. Let a = 7 + 1. Suppose -7 - a = -k*h. What is the greatest common factor of h and 5?
5
Suppose 112 = -m + 117. Let s be (-1 - -1) + (46 - 1). What is the highest common divisor of m and s?
5
Let y be 28/6*3276/294. Calculate the greatest common factor of y and 78.
26
Let p = -1 + 3. Suppose -3*m + 0*m - 3 = -3*z, 0 = p*z - 4*m + 4. Suppose 0 = c - z*c + 117. Calculate the greatest common factor of 78 and c.
39
Let x(p) = -3*p - 2. Let h be x(-1). Let v be (-4)/(40/462)*(-5)/h. What is the greatest common factor of 11 and v?
11
Let j = 51 - 44. Suppose -268 - 362 = -j*r. What is the highest common factor of 10 and r?
10
Let i be 1 + 27 - -2 - -2. Suppose 4*q - 6*p - 21 = -7*p, 2*q - 3*p + 7 = 0. Calculate the greatest common divisor of q and i.
4
Suppose -20 - 6 = 2*k. Let h = k - -17. Suppose -75 = -3*g - 0*g + 3*x, x = -3*g + 55. What is the highest common factor of g and h?
4
Let l be (-88)/4*2/(-4). Suppose 2*x + 0*q = -q + 34, -2*q + l = x. Calculate the greatest common factor of x and 133.
19
Suppose 25*v + 1575 = 28*v + 3*z, -1603 = -3*v + 4*z. Calculate the greatest common divisor of v and 23.
23
Let w(s) = 2*s**2 + 3*s - 3. Let z be w(2). Suppose -342*t = -66*t - 19768 - 13628. What is the highest common factor of t and z?
11
Let r be ((-2)/4)/(9/(-90)). Suppose 3*m = -3*k + 156, r*k = -4*m + 95 + 112. Let j = m + 27. Calculate the highest common factor of j and 10.
10
Suppose -19*a - 1276 = -4031. What is the greatest common divisor of a and 5?
5
Suppose -62*z + 3241 + 3703 = 0. What is the greatest common divisor of 70 and z?
14
Suppose 0 = 3*v + 4*s - 221, -v = 5*s - s - 71. What is the greatest common divisor of v and 555?
15
Let s = -14 + 21. Let c be (3 - (-2 + 4))*s. Let t(u) = u**2 - 6*u + 7. Let j be t(c). Calculate the highest common divisor of 35 and j.
7
Let n(y) = -15*y - 9. Let c be n(-3). What is the highest common factor of c and 48?
12
Suppose -76*a + 42*a = -26928. What is the highest common divisor of 72 and a?
72
Suppose -5*a + i + 304 = 0, a + 0*a + 2*i - 52 = 0. Suppose 0 = 5*v + 2*z - 70, 3*v - 60 - 1 = -5*z. Calculate the highest common factor of a and v.
12
Suppose 0 = -j + 6*j + 5*h, 3*j - 3*h = -6. Let q be 68 + j - (1 + -2). Calculate the highest common factor of q and 17.
17
Let a = 4 - 1. Suppose -3*z = -g + a*g + 39, 2*g = -5*z - 65. Let h = 24 + z. Calculate the greatest common factor of h and 33.
11
Suppose 12*h + 70 = 17*h. Let r be 402/h - (48/28 + -2). What is the highest common divisor of r and 29?
29
Let x = 31 + -32. Let s(j) = 55*j**2 - 1. Let d be s(x). Calculate the highest common factor of d and 6.
6
Let c(y) be the third derivative of y**5/30 + y**4/24 + y**3/2 + 9*y**2. Let t be c(3). What is the greatest common factor of t and 216?
24
Let j = -42 - -45. Suppose 5*k - 67 = -j*y, 2*y + 0*y - k - 49 = 0. What is the highest common factor of 16 and y?
8
Let d be (3 + -1 + -4)*-6. What is the greatest common factor of d and 48?
12
Let l(r) = -r**3 + 2*r**2 - 2. Let s be 0 + 1/(-2)*-12. Suppose 0 = 3*o + s. Let t be l(o). Calculate the highest common divisor of 42 and t.
14
Let t be 999/(-9)*(1 - (-5)/(-3)). Suppose 7*z - t = 38. Calculate the highest common divisor of z and 12.
4
Suppose -6*m - 6475 = -16495. Calculate the highest common factor of m and 10.
10
Let k(l) = -16*l - 4. Let u be k(-4). Suppose 5*t = 2*t + 33. Suppose t = j - 29. What is the greatest common factor of j and u?
20
Let x be 599/4 + (-15)/(-60). Calculate the highest common divisor of x and 270.
30
Suppose -16*t - 342 = -34*t. What is the highest common divisor of 152 and t?
19
Let h be 2639/35 - (8/(-5) + 2). Suppose -5*v + 19 + h = 4*a, 0 = -v - a + 19. What is the highest common factor of 144 and v?
18
Let f = 3077 + -3057. Let v be (-14)/(-2) + (-1)/(-1). What is the highest common factor of f and v?
4
Suppose -4*p + 5*w = -251, 3*w + 51 = 2*p - 76. Calculate the highest common divisor of p and 177.
59
Let f(x) = -x**2 - 13*x + 41. Let w be f(-11). Calculate the highest common factor of 105 and w.
21
Suppose 5*i - 4*l - 613 = 0, -2*i - 3*l - 89 = -348. Calculate the highest common divisor of 25 and i.
25
Let o = 182 - 171. Calculate the highest common factor of 209 and o.
11
Suppose 0 = -5*p + 20, -5*q + 2*p = -412. Suppose -9*h = 3*h - q. What is the highest common divisor of h and 7?
7
Let g(n) = 2*n + 122. Let y be g(-41). Calculate the highest common divisor of y and 120.
40
Let i(w) = w**2 + 3*w + 2. Let x be i(-6). Suppose m + 11*m = 60. Calculate the highest common factor of x and m.
5
Suppose 0*b + 42 = 2*b. Let n be (5 - 10) + 82 - (1 - (0 + 1)). Calculate the greatest common divisor of n and b.
7
Let d = 17 + -7. Suppose 332 = -12*s + 956. Let j be (s/d)/((-22)/(-55)). Calculate the greatest common divisor of j and 117.
13
Let s = 128 + -180. Let w be (-1 + 0)/((-4)/s). Let j = 23 + w. What is the highest common factor of j and 2?
2
Suppose 24 = -3*z - 12. Let s = 26 + z. Let m = -18 - -25. Calculate the greatest common divisor of s and m.
7
Suppose -2*c = -4*c + 16. Let a = -5 + c. Suppose 0 = -0*d + d - 15. Calculate the highest common factor of a and d.
3
Suppose 0 = z - 5*f - 5 - 7, -2*f = -4. Let c = 3 + z. What is the highest common factor of c and 175?
25
Let p(x) = -3*x**3 + x**2 + 2*x + 2. Let m be p(-2). Let v be (-11 - -8) + (1 - 12). Let n = v + m. Calculate the highest common divisor of n and 12.
12
Suppose 98 = -q + 2*q. Suppose -13*l = -12*l - q. Calculate the highest common factor of 14 and l.
14
Suppose 9*h + 4284 - 12537 = 0. Calculate the greatest common divisor of h and 14.
7
Let h be 34*(-15)/(-6) + 6. Let k be 2/6 + (-38)/(-3). Calculate the highest common factor of h and k.
13
Let q(p) = -7*p - 3*p**2 + 12*p + 9*p**2 + 15 + 2*p. Let f be q(-5). Calculate the greatest common divisor of 10 and f.
10
Let y(m) = m**2 - 1. Let k be y(3). Suppose -j + 68 = 5*p, 0 = -4*j - 4*p + 286 + 18. Suppose -6*x = j - 270. What is the greatest common factor of x and k?
8
Suppose z + 194 = 2*c, -2*z + 485 = 5*c + z. Calculate the highest common divisor of 2813 and c.
97
Let w(b) be the third derivative of -1/60*b**5 + 0*b**4 + 13/6*b**3 - 10*b**2 + 0 + 0*b. Let v be w(0). What is the greatest common factor of v and 39?
13
Suppose 31*a - 831 = 4873. Calculate the greatest common factor of 230 and a.
46
Let u(l) = l